u.
2
Let w(j) = -j**2 - 6*j - 5. Let a be w(-5). Let o(u) = -u**3 + u + 6. List the prime factors of o(a).
2, 3
Let q(a) = -a**3 - 8*a**2 - 8*a - 6. Let d be q(-7). Let s = 3 - d. Let w = s - -1. What are the prime factors of w?
3
Suppose 4*r + 175 = w, 2*w + 3*r = -r + 326. What are the prime factors of w?
167
Let c(i) = -3*i + 2*i + 3*i - i + 3. What are the prime factors of c(0)?
3
Suppose 5*b = -2*c - 21, -b = 5*c + 3*b + 10. List the prime factors of (-4)/c*75/(-10).
3, 5
Let k = 22 + -14. Suppose -y + 5 = 4*p - 2, 5*y = p + 77. Let c = y - k. List the prime factors of c.
7
Let j(g) = 3*g**2 - 2*g + 1. Let t be j(-3). Suppose f = -f + t. Suppose -3*y = -h + 1, 2*h = -3*y + 4*y + f. What are the prime factors of h?
2, 5
Let k(t) = -t**3 - 10*t**2 - 2*t - 10. Suppose -5*o - 5*s - 40 = 0, s - 32 = -o + 4*o. What are the prime factors of k(o)?
2, 5
Let z(g) = -g + 1. Let r be z(0). Let f = r + -1. Suppose f*q + 46 = 5*j + q, -14 = -j - 5*q. List the prime factors of j.
3
Let m(t) = t**2 + t - 1. Let f(x) = 27*x**2 - 4*x + 4. Let q(i) = f(i) + 3*m(i). What are the prime factors of q(1)?
2, 3, 5
Suppose 0 = 5*x + x - 1422. What are the prime factors of x?
3, 79
Let c = -1 - -4. Suppose 8*i + 2*l - 5 = 5*i, -5*i - 2*l + c = 0. List the prime factors of 1/i + (-10)/(-1).
3
Let m be (6/4)/(12/16). Suppose a - 30 = -5*p, -4*a + a = -3*p. Suppose -15 = -3*l - 0*z + 3*z, p*l + m*z = 4. List the prime factors of l.
2
Let j(w) = -w**2 + 14*w - 7. What are the prime factors of j(6)?
41
Let r(m) = 2*m**2 - 2*m - 2. Let p be r(2). Suppose 5*j = -3 - p, 0 = u + 4*j + 2. List the prime factors of (-6 + 8)*13/u.
13
Let x = 178 - 114. List the prime factors of x.
2
Suppose -2*p - p - 5*u = -10, -4*p + 5*u = 10. Let l = p + 2. Suppose -l*j = 7 - 17. List the prime factors of j.
5
Let n(v) = -v**2 + 19*v + 43. What are the prime factors of n(20)?
23
Let n = -2 + 4. Suppose 3*f + n = t - 2, 4*t = -2*f + 16. Suppose f = 3*h - h + y - 8, -y = 0. What are the prime factors of h?
2
Suppose -i + 2 + 2 = 0. Let b = 13 - i. List the prime factors of b.
3
Let q(d) = -d**3 + 11*d**2 - 8*d - 5. What are the prime factors of q(8)?
3, 41
Suppose 5*p + 2*u - 38 = 0, -u + 13 + 9 = 3*p. Let h be p*(-3 + 17/3). Suppose -r + h = 4. What are the prime factors of r?
2, 3
Suppose 4 = 5*a - 6. Suppose -y = -4*y + a*n + 17, -5*n - 11 = 3*y. Suppose -2*m - 5*x = m - y, 5*m - 3*x = 39. What are the prime factors of m?
2, 3
Let c(u) be the first derivative of -u**3/3 + 13*u**2/2 + 3*u - 2. List the prime factors of c(9).
3, 13
What are the prime factors of (0 + -1 + 0)/((-38)/8702)?
229
Suppose 5*x + 464 = 2*p, -3*p + 3*x + 928 = p. List the prime factors of p.
2, 29
Suppose -14 = -4*y + 2. Suppose -2 = y*x - 50. What are the prime factors of x?
2, 3
Let u = -57 - -93. What are the prime factors of u?
2, 3
Let r be -12*6/(-9)*-1. Let k = r - -12. Suppose -k*c + 8 = -40. What are the prime factors of c?
2, 3
Suppose 0*d - 2 = -d. Suppose d*x - 120 = -2*x. Suppose -x + 2 = -4*p. List the prime factors of p.
7
Suppose -2*o + 3 = -o. What are the prime factors of 0/3 - o*-5?
3, 5
Let q(f) = f**2 - 2*f. Let t be q(3). Suppose 5*l - t*l = 16. List the prime factors of l.
2
Suppose 5*f - 3*f = 0. Let x be (f - 2 - 0) + 7. Suppose 5 = 5*z + x*h, -3*z - h - 3 = -4*z. List the prime factors of z.
2
Let c = -47 + 98. List the prime factors of c.
3, 17
Suppose 2*d - 3*g - 8 = 0, 0*g + g = 0. Suppose -y - 30 = -d*y. What are the prime factors of y?
2, 5
Let d = -33 - -19. Let u = 7 + d. What are the prime factors of 9/(-5)*(u - -2)?
3
Let g = 206 + -79. List the prime factors of g.
127
Let s(r) = -3*r**3 - 4*r**2 + 2*r + 5. Let p(w) = -10*w**3 - 12*w**2 + 7*w + 15. Let y = 5 - -2. Let c(l) = y*s(l) - 2*p(l). List the prime factors of c(-4).
5
Suppose 2*d + 4*g - 5 = 9, d + 8 = 3*g. Let l(w) = -22*w**2 + w - 1. Let h be l(d). List the prime factors of (-256)/(-44) - 4/h.
2, 3
Let h(w) = 16*w**2 + 5*w + 5. What are the prime factors of h(-2)?
59
Suppose -m + 3*h + 37 = 0, 2*m - 3*h - 106 = -5*h. List the prime factors of m.
7
Let s(a) = -a - 3. Suppose 0 = 4*l + 16 + 8. Let r be s(l). Let k = 6 - r. What are the prime factors of k?
3
Let r be (-3 + 4)/((-1)/(-5)). Suppose 0 = r*v + 4*j - 89, -4*v + 2*j - 4*j = -70. What are the prime factors of v?
17
Suppose -5*h = -5 - 5. Suppose -h*f = f - 30. List the prime factors of f.
2, 5
Let n = 61 + 22. List the prime factors of n.
83
Let h(w) = w**3 - 9*w**2 - 11*w - 8. What are the prime factors of h(11)?
113
Let u = -55 + 99. List the prime factors of u.
2, 11
Let l(j) = j**2 + 3*j - 2. Let d be l(2). List the prime factors of d/(9/(-6) + 2).
2
Suppose 0 = l + 1. Let u(x) = 5*x**2. Let k be u(l). Suppose -p + k = -0*p. List the prime factors of p.
5
Let j be (1 + 1/(-1))/(-2). Suppose 12 = 3*x - 5*q - j, 2*x - 3*q = 9. What are the prime factors of x?
3
Let p(m) be the second derivative of -2*m**3/3 - m**2 - 2*m. What are the prime factors of p(-2)?
2, 3
Let k(f) = -3*f + 4. List the prime factors of k(-3).
13
Let o be 4/18 + 50/18. Let i be o/(3*1/10). Let p = i - -5. What are the prime factors of p?
3, 5
List the prime factors of 15/10*44 - (-1 - 2).
3, 23
Suppose -57 = -3*v + 3*i - 15, 4 = 4*i. Let g = v - 10. What are the prime factors of g?
5
Suppose -6*m = -2*m - 248. What are the prime factors of m?
2, 31
Suppose -t - 24 = 2*r - 6*t, 0 = -5*t - 10. Let s = 20 + r. What are the prime factors of s?
3
Suppose -2*r = 2*r + 96. Let p be r/(-9) - 6/9. List the prime factors of (p/(-3))/((-2)/9).
3
Let c(z) be the first derivative of -11*z**7/840 - z**6/180 - z**5/120 - z**3/3 + 1. Let h(x) be the third derivative of c(x). List the prime factors of h(-1).
2, 5
List the prime factors of (-8799)/(-35) - 4/10.
251
Let u = -6 + 11. Suppose -u*q + 69 = -21. What are the prime factors of q?
2, 3
Let f be 0 + (2 - -10) + 0. Let v be (2/2)/(2/f). List the prime factors of (-2 + -1)/(v/(-16)).
2
Let o be ((3 + -4)*4)/(-1). Suppose -3*k = -o - 5. List the prime factors of k.
3
Suppose -7*b = -4*b - 207. List the prime factors of b.
3, 23
Suppose 4*j - x - 10 = 0, 2*j + 4*x + 0*x - 14 = 0. List the prime factors of (-2 - j)*(0 - 2).
2, 5
Let r(t) be the third derivative of -3*t**2 - 1/60*t**5 + 0 - 5/6*t**3 + 0*t - 1/3*t**4. List the prime factors of r(-6).
7
Let h(r) = 6*r**3 + r. What are the prime factors of h(1)?
7
Let t = 61 + -12. Suppose -3*l + t = 1. What are the prime factors of l?
2
Let t(l) = 3*l**2 - 3*l + 1. Suppose -2 = -b + 2*b. Let q = b + 4. What are the prime factors of t(q)?
7
Let h = 1 - -1. Suppose 4*m - h*m = 6. What are the prime factors of m?
3
Suppose 6*s - 854 = -s. What are the prime factors of s?
2, 61
Suppose q - 4*q + 2*f + 16 = 0, 0 = -2*q - 4*f + 16. Suppose 509 = q*u + 173. What are the prime factors of u?
2, 7
Let d(u) = u**3 - 4*u - 6*u**2 + 2*u**2 - 4 + 1. What are the prime factors of d(5)?
2
Suppose 4*z = 1539 + 309. What are the prime factors of z/30 + (-6)/(-10)?
2
Suppose 2*d - 12 = -2. What are the prime factors of d?
5
Suppose -5*g = -2*i - 27 - 48, 0 = -4*g - i + 47. List the prime factors of g.
13
Let v(t) = 14*t - 6. Let n be v(4). Suppose 3*f - 2*f = 3*a + n, a = -2*f + 72. List the prime factors of f.
2, 19
Suppose 0 = 5*b - 24 - 21. Suppose -2*j + b = -5*x - 6, -5*x - 15 = 0. Suppose j = -0*n + n - 9. List the prime factors of n.
3
Let w(t) be the first derivative of -t**4/12 + 8*t**2 - 3*t + 1. Let i(f) be the first derivative of w(f). What are the prime factors of i(0)?
2
Let b be 1*15*(1 - -1). Suppose -4*l - t + 11 + 10 = 0, -4*l = -2*t - b. What are the prime factors of -2*15/l*-1?
5
Suppose -3*r = -7 - 11. Let g(m) be the first derivative of -m**3/3 + 3*m**2 + 4*m + 4. What are the prime factors of g(r)?
2
Let o(f) = -f**2 - 7*f - 3. Let g = 4 - 8. What are the prime factors of o(g)?
3
Let g be (24/(-10))/(6/(-20)). What are the prime factors of 1/(1/g) - 1?
7
Let n = 41 + -41. Suppose 7 = 5*r - 3. Suppose n = -r*q - 2*q + 56. List the prime factors of q.
2, 7
Let i(m) = 3*m + 4. What are the prime factors of i(3)?
13
Let a(g) = -2*g. List the prime factors of a(-11).
2, 11
Suppose -18 = -5*r + 42. List the prime factors of (-9)/(-4) + (-3)/r.
2
Let h = 4 - 27. Let i = -16 - h. Suppose -2*w + 4*o = -i*w + 51